{"id":44,"date":"2026-05-08T09:48:45","date_gmt":"2026-05-08T09:48:45","guid":{"rendered":"https:\/\/sv-moenchaltorf.ch\/?page_id=44"},"modified":"2026-05-13T21:05:08","modified_gmt":"2026-05-13T21:05:08","slug":"news","status":"publish","type":"page","link":"https:\/\/sv-moenchaltorf.ch\/?page_id=44","title":{"rendered":"NEWS"},"content":{"rendered":"<ul class=\"wp-block-latest-posts__list has-dates alignwide wp-block-latest-posts is-layout-flow wp-block-latest-posts-is-layout-flow\"><li><div class=\"wp-block-latest-posts__featured-image alignleft\"><img loading=\"lazy\" decoding=\"async\" width=\"150\" height=\"150\" src=\"https:\/\/sv-moenchaltorf.ch\/wp-content\/uploads\/2026\/08\/staefa-150x150.jpg\" class=\"attachment-thumbnail size-thumbnail wp-post-image\" alt=\"\" style=\"\" \/><\/div><a class=\"wp-block-latest-posts__post-title\" href=\"https:\/\/sv-moenchaltorf.ch\/?p=290\">Herbsschiessen St\u00e4fa<\/a><time datetime=\"2026-08-11T19:36:18+00:00\" class=\"wp-block-latest-posts__post-date\">11. August 2026<\/time><div class=\"wp-block-latest-posts__post-excerpt\">Fr 18.09.\u00a0 1500-1900 St\u00e4fa Sa 19.09. 0830-1600 St\u00e4fa Sa 26.09. 0830-1600 St\u00e4fa Das Herbstschiessen 2026 wird durch die Sch\u00fctzengesellschaft St\u00e4fal &hellip;<\/div><\/li>\n<li><div class=\"wp-block-latest-posts__featured-image alignleft\"><img loading=\"lazy\" decoding=\"async\" width=\"150\" height=\"150\" src=\"https:\/\/sv-moenchaltorf.ch\/wp-content\/uploads\/2026\/08\/svp-schiessen-150x150.jpg\" class=\"attachment-thumbnail size-thumbnail wp-post-image\" alt=\"\" style=\"\" \/><\/div><a class=\"wp-block-latest-posts__post-title\" href=\"https:\/\/sv-moenchaltorf.ch\/?p=294\">SVP-Schiessen 2026<\/a><time datetime=\"2026-08-10T15:39:56+00:00\" class=\"wp-block-latest-posts__post-date\">10. August 2026<\/time><div class=\"wp-block-latest-posts__post-excerpt\">Samstag, 12.09.26\u00a0 \u00a0 09.00 &#8211; 12.00 Uhr\u00a0 \u00a013.00 &#8211; 16.00 Uhr Samstag, 26.09.26\u00a0 \u00a009.00 &#8211; 12.00 Uhr\u00a0 \u00a013.00 &#8211; 16.00 &hellip;<\/div><\/li>\n<li><div class=\"wp-block-latest-posts__featured-image alignleft\"><img loading=\"lazy\" decoding=\"async\" width=\"150\" height=\"150\" src=\"https:\/\/sv-moenchaltorf.ch\/wp-content\/uploads\/2026\/08\/sv-volketswil-150x150.jpg\" class=\"attachment-thumbnail size-thumbnail wp-post-image\" alt=\"\" style=\"\" \/><\/div><a class=\"wp-block-latest-posts__post-title\" href=\"https:\/\/sv-moenchaltorf.ch\/?p=286\">Bezirksschiessen<\/a><time datetime=\"2026-08-09T19:26:21+00:00\" class=\"wp-block-latest-posts__post-date\">9. August 2026<\/time><div class=\"wp-block-latest-posts__post-excerpt\">Fr 04.09. 1800-2000 Volketswil Fr 11.09. 1800-2000 Volketswil Sa 12.09. 1000-1200 Volketswil Das Bezirksschiessen 2026 wird durch den SV Volketswil &hellip;<\/div><\/li>\n<li><div class=\"wp-block-latest-posts__featured-image alignleft\"><img loading=\"lazy\" decoding=\"async\" width=\"150\" height=\"150\" src=\"https:\/\/sv-moenchaltorf.ch\/wp-content\/uploads\/2026\/06\/WhatsApp-Image-2026-06-30-at-09.29.48-150x150.jpeg\" class=\"attachment-thumbnail size-thumbnail wp-post-image\" alt=\"\" style=\"\" \/><\/div><a class=\"wp-block-latest-posts__post-title\" href=\"https:\/\/sv-moenchaltorf.ch\/?p=266\">ESF2026 Graub\u00fcnden<\/a><time datetime=\"2026-06-30T21:00:58+00:00\" class=\"wp-block-latest-posts__post-date\">30. Juni 2026<\/time><div class=\"wp-block-latest-posts__post-excerpt\"><\/div><\/li>\n<li><div class=\"wp-block-latest-posts__featured-image alignleft\"><img loading=\"lazy\" decoding=\"async\" width=\"150\" height=\"150\" src=\"https:\/\/sv-moenchaltorf.ch\/wp-content\/uploads\/2026\/05\/DSC_0142-scaled-e1781636532627-150x150.jpg\" class=\"attachment-thumbnail size-thumbnail wp-post-image\" alt=\"\" style=\"\" \/><\/div><a class=\"wp-block-latest-posts__post-title\" href=\"https:\/\/sv-moenchaltorf.ch\/?p=15\">Information zur Homepage<\/a><time datetime=\"2026-05-08T08:46:31+00:00\" class=\"wp-block-latest-posts__post-date\">8. Mai 2026<\/time><div class=\"wp-block-latest-posts__post-excerpt\">Auf Grund eines grossen Crashs muss die Homepage des Sch\u00fctzenvereins M\u00f6nchaltorf neu aufgebaut werden. Aktuell werden nur die wesentlichsten Informationen &hellip;<\/div><\/li>\n<\/ul>","protected":false},"excerpt":{"rendered":"","protected":false},"author":1,"featured_media":0,"parent":0,"menu_order":0,"comment_status":"closed","ping_status":"closed","template":"","meta":{"footnotes":""},"class_list":["post-44","page","type-page","status-publish","hentry"],"yoast_head":"<!-- This site is optimized with the Yoast SEO plugin v28.2 - https:\/\/yoast.com\/product\/yoast-seo-wordpress\/ -->\n<title>NEWS - SV-M\u00f6nchaltorf<\/title>\n<meta name=\"robots\" content=\"index, follow, max-snippet:-1, max-image-preview:large, max-video-preview:-1\" \/>\n<link rel=\"canonical\" href=\"https:\/\/sv-moenchaltorf.ch\/?page_id=44\" \/>\n<meta property=\"og:locale\" content=\"de_DE\" \/>\n<meta property=\"og:type\" content=\"article\" \/>\n<meta property=\"og:title\" content=\"NEWS - SV-M\u00f6nchaltorf\" \/>\n<meta property=\"og:url\" content=\"https:\/\/sv-moenchaltorf.ch\/?page_id=44\" \/>\n<meta property=\"og:site_name\" content=\"SV-M\u00f6nchaltorf\" \/>\n<meta property=\"article:modified_time\" content=\"2026-05-13T21:05:08+00:00\" \/>\n<meta name=\"twitter:card\" content=\"summary_large_image\" \/>\n<script type=\"application\/ld+json\" class=\"yoast-schema-graph\">{\"@context\":\"https:\\\/\\\/schema.org\",\"@graph\":[{\"@type\":\"WebPage\",\"@id\":\"https:\\\/\\\/sv-moenchaltorf.ch\\\/?page_id=44\",\"url\":\"https:\\\/\\\/sv-moenchaltorf.ch\\\/?page_id=44\",\"name\":\"NEWS - SV-M\u00f6nchaltorf\",\"isPartOf\":{\"@id\":\"https:\\\/\\\/sv-moenchaltorf.ch\\\/#website\"},\"datePublished\":\"2026-05-08T09:48:45+00:00\",\"dateModified\":\"2026-05-13T21:05:08+00:00\",\"breadcrumb\":{\"@id\":\"https:\\\/\\\/sv-moenchaltorf.ch\\\/?page_id=44#breadcrumb\"},\"inLanguage\":\"de\",\"potentialAction\":[{\"@type\":\"ReadAction\",\"target\":[\"https:\\\/\\\/sv-moenchaltorf.ch\\\/?page_id=44\"]}]},{\"@type\":\"BreadcrumbList\",\"@id\":\"https:\\\/\\\/sv-moenchaltorf.ch\\\/?page_id=44#breadcrumb\",\"itemListElement\":[{\"@type\":\"ListItem\",\"position\":1,\"name\":\"Start\",\"item\":\"https:\\\/\\\/sv-moenchaltorf.ch\\\/\"},{\"@type\":\"ListItem\",\"position\":2,\"name\":\"NEWS\"}]},{\"@type\":\"WebSite\",\"@id\":\"https:\\\/\\\/sv-moenchaltorf.ch\\\/#website\",\"url\":\"https:\\\/\\\/sv-moenchaltorf.ch\\\/\",\"name\":\"SV-M\u00f6nchaltorf\",\"description\":\"Sch\u00fctzenverein M\u00f6nchaltorf seit 1860\",\"publisher\":{\"@id\":\"https:\\\/\\\/sv-moenchaltorf.ch\\\/#organization\"},\"potentialAction\":[{\"@type\":\"SearchAction\",\"target\":{\"@type\":\"EntryPoint\",\"urlTemplate\":\"https:\\\/\\\/sv-moenchaltorf.ch\\\/?s={search_term_string}\"},\"query-input\":{\"@type\":\"PropertyValueSpecification\",\"valueRequired\":true,\"valueName\":\"search_term_string\"}}],\"inLanguage\":\"de\"},{\"@type\":\"Organization\",\"@id\":\"https:\\\/\\\/sv-moenchaltorf.ch\\\/#organization\",\"name\":\"SV-M\u00f6nchaltorf\",\"url\":\"https:\\\/\\\/sv-moenchaltorf.ch\\\/\",\"logo\":{\"@type\":\"ImageObject\",\"inLanguage\":\"de\",\"@id\":\"https:\\\/\\\/sv-moenchaltorf.ch\\\/#\\\/schema\\\/logo\\\/image\\\/\",\"url\":\"https:\\\/\\\/sv-moenchaltorf.ch\\\/wp-content\\\/uploads\\\/2026\\\/05\\\/cropped-Logo_SVM_SV-Moenchaltorf_1.png\",\"contentUrl\":\"https:\\\/\\\/sv-moenchaltorf.ch\\\/wp-content\\\/uploads\\\/2026\\\/05\\\/cropped-Logo_SVM_SV-Moenchaltorf_1.png\",\"width\":1790,\"height\":212,\"caption\":\"SV-M\u00f6nchaltorf\"},\"image\":{\"@id\":\"https:\\\/\\\/sv-moenchaltorf.ch\\\/#\\\/schema\\\/logo\\\/image\\\/\"}}]}<\/script>\n<!-- \/ Yoast SEO plugin. -->","yoast_head_json":{"title":"NEWS - SV-M\u00f6nchaltorf","robots":{"index":"index","follow":"follow","max-snippet":"max-snippet:-1","max-image-preview":"max-image-preview:large","max-video-preview":"max-video-preview:-1"},"canonical":"https:\/\/sv-moenchaltorf.ch\/?page_id=44","og_locale":"de_DE","og_type":"article","og_title":"NEWS - SV-M\u00f6nchaltorf","og_url":"https:\/\/sv-moenchaltorf.ch\/?page_id=44","og_site_name":"SV-M\u00f6nchaltorf","article_modified_time":"2026-05-13T21:05:08+00:00","twitter_card":"summary_large_image","schema":{"@context":"https:\/\/schema.org","@graph":[{"@type":"WebPage","@id":"https:\/\/sv-moenchaltorf.ch\/?page_id=44","url":"https:\/\/sv-moenchaltorf.ch\/?page_id=44","name":"NEWS - SV-M\u00f6nchaltorf","isPartOf":{"@id":"https:\/\/sv-moenchaltorf.ch\/#website"},"datePublished":"2026-05-08T09:48:45+00:00","dateModified":"2026-05-13T21:05:08+00:00","breadcrumb":{"@id":"https:\/\/sv-moenchaltorf.ch\/?page_id=44#breadcrumb"},"inLanguage":"de","potentialAction":[{"@type":"ReadAction","target":["https:\/\/sv-moenchaltorf.ch\/?page_id=44"]}]},{"@type":"BreadcrumbList","@id":"https:\/\/sv-moenchaltorf.ch\/?page_id=44#breadcrumb","itemListElement":[{"@type":"ListItem","position":1,"name":"Start","item":"https:\/\/sv-moenchaltorf.ch\/"},{"@type":"ListItem","position":2,"name":"NEWS"}]},{"@type":"WebSite","@id":"https:\/\/sv-moenchaltorf.ch\/#website","url":"https:\/\/sv-moenchaltorf.ch\/","name":"SV-M\u00f6nchaltorf","description":"Sch\u00fctzenverein M\u00f6nchaltorf seit 1860","publisher":{"@id":"https:\/\/sv-moenchaltorf.ch\/#organization"},"potentialAction":[{"@type":"SearchAction","target":{"@type":"EntryPoint","urlTemplate":"https:\/\/sv-moenchaltorf.ch\/?s={search_term_string}"},"query-input":{"@type":"PropertyValueSpecification","valueRequired":true,"valueName":"search_term_string"}}],"inLanguage":"de"},{"@type":"Organization","@id":"https:\/\/sv-moenchaltorf.ch\/#organization","name":"SV-M\u00f6nchaltorf","url":"https:\/\/sv-moenchaltorf.ch\/","logo":{"@type":"ImageObject","inLanguage":"de","@id":"https:\/\/sv-moenchaltorf.ch\/#\/schema\/logo\/image\/","url":"https:\/\/sv-moenchaltorf.ch\/wp-content\/uploads\/2026\/05\/cropped-Logo_SVM_SV-Moenchaltorf_1.png","contentUrl":"https:\/\/sv-moenchaltorf.ch\/wp-content\/uploads\/2026\/05\/cropped-Logo_SVM_SV-Moenchaltorf_1.png","width":1790,"height":212,"caption":"SV-M\u00f6nchaltorf"},"image":{"@id":"https:\/\/sv-moenchaltorf.ch\/#\/schema\/logo\/image\/"}}]}},"publishpress_future_action":{"enabled":false,"date":"2026-09-07 06:39:31","action":"change-status","newStatus":"draft","terms":[],"taxonomy":"","extraData":[]},"publishpress_future_workflow_manual_trigger":{"enabledWorkflows":[]},"_links":{"self":[{"href":"https:\/\/sv-moenchaltorf.ch\/index.php?rest_route=\/wp\/v2\/pages\/44","targetHints":{"allow":["GET"]}}],"collection":[{"href":"https:\/\/sv-moenchaltorf.ch\/index.php?rest_route=\/wp\/v2\/pages"}],"about":[{"href":"https:\/\/sv-moenchaltorf.ch\/index.php?rest_route=\/wp\/v2\/types\/page"}],"author":[{"embeddable":true,"href":"https:\/\/sv-moenchaltorf.ch\/index.php?rest_route=\/wp\/v2\/users\/1"}],"replies":[{"embeddable":true,"href":"https:\/\/sv-moenchaltorf.ch\/index.php?rest_route=%2Fwp%2Fv2%2Fcomments&post=44"}],"version-history":[{"count":3,"href":"https:\/\/sv-moenchaltorf.ch\/index.php?rest_route=\/wp\/v2\/pages\/44\/revisions"}],"predecessor-version":[{"id":124,"href":"https:\/\/sv-moenchaltorf.ch\/index.php?rest_route=\/wp\/v2\/pages\/44\/revisions\/124"}],"wp:attachment":[{"href":"https:\/\/sv-moenchaltorf.ch\/index.php?rest_route=%2Fwp%2Fv2%2Fmedia&parent=44"}],"curies":[{"name":"wp","href":"https:\/\/api.w.org\/{rel}","templated":true}]}}

<ul class="wp-block-latest-posts__list has-dates alignwide wp-block-latest-posts is-layout-flow wp-block-latest-posts-is-layout-flow"><li><div class="wp-block-latest-posts__featured-image alignleft"><img loading="lazy" decoding="async" width="150" height="150" src="https://sv-moenchaltorf.ch/wp-content/uploads/2026/08/staefa-150x150.jpg" class="attachment-thumbnail size-thumbnail wp-post-image" alt="" style="" /></div><a class="wp-block-latest-posts__post-title" href="https://sv-moenchaltorf.ch/?p=290">Herbsschiessen Stäfa</a><time datetime="2026-08-11T19:36:18+00:00" class="wp-block-latest-posts__post-date">11. August 2026</time><div class="wp-block-latest-posts__post-excerpt">Fr 18.09.  1500-1900 Stäfa Sa 19.09. 0830-1600 Stäfa Sa 26.09. 0830-1600 Stäfa Das Herbstschiessen 2026 wird durch die Schützengesellschaft Stäfal &hellip;</div></li>
<li><div class="wp-block-latest-posts__featured-image alignleft"><img loading="lazy" decoding="async" width="150" height="150" src="https://sv-moenchaltorf.ch/wp-content/uploads/2026/08/svp-schiessen-150x150.jpg" class="attachment-thumbnail size-thumbnail wp-post-image" alt="" style="" /></div><a class="wp-block-latest-posts__post-title" href="https://sv-moenchaltorf.ch/?p=294">SVP-Schiessen 2026</a><time datetime="2026-08-10T15:39:56+00:00" class="wp-block-latest-posts__post-date">10. August 2026</time><div class="wp-block-latest-posts__post-excerpt">Samstag, 12.09.26    09.00 &#8211; 12.00 Uhr   13.00 &#8211; 16.00 Uhr Samstag, 26.09.26   09.00 &#8211; 12.00 Uhr   13.00 &#8211; 16.00 &hellip;</div></li>
<li><div class="wp-block-latest-posts__featured-image alignleft"><img loading="lazy" decoding="async" width="150" height="150" src="https://sv-moenchaltorf.ch/wp-content/uploads/2026/08/sv-volketswil-150x150.jpg" class="attachment-thumbnail size-thumbnail wp-post-image" alt="" style="" /></div><a class="wp-block-latest-posts__post-title" href="https://sv-moenchaltorf.ch/?p=286">Bezirksschiessen</a><time datetime="2026-08-09T19:26:21+00:00" class="wp-block-latest-posts__post-date">9. August 2026</time><div class="wp-block-latest-posts__post-excerpt">Fr 04.09. 1800-2000 Volketswil Fr 11.09. 1800-2000 Volketswil Sa 12.09. 1000-1200 Volketswil Das Bezirksschiessen 2026 wird durch den SV Volketswil &hellip;</div></li>
<li><div class="wp-block-latest-posts__featured-image alignleft"><img loading="lazy" decoding="async" width="150" height="150" src="https://sv-moenchaltorf.ch/wp-content/uploads/2026/06/WhatsApp-Image-2026-06-30-at-09.29.48-150x150.jpeg" class="attachment-thumbnail size-thumbnail wp-post-image" alt="" style="" /></div><a class="wp-block-latest-posts__post-title" href="https://sv-moenchaltorf.ch/?p=266">ESF2026 Graubünden</a><time datetime="2026-06-30T21:00:58+00:00" class="wp-block-latest-posts__post-date">30. Juni 2026</time><div class="wp-block-latest-posts__post-excerpt"></div></li>
<li><div class="wp-block-latest-posts__featured-image alignleft"><img loading="lazy" decoding="async" width="150" height="150" src="https://sv-moenchaltorf.ch/wp-content/uploads/2026/05/DSC_0142-scaled-e1781636532627-150x150.jpg" class="attachment-thumbnail size-thumbnail wp-post-image" alt="" style="" /></div><a class="wp-block-latest-posts__post-title" href="https://sv-moenchaltorf.ch/?p=15">Information zur Homepage</a><time datetime="2026-05-08T08:46:31+00:00" class="wp-block-latest-posts__post-date">8. Mai 2026</time><div class="wp-block-latest-posts__post-excerpt">Auf Grund eines grossen Crashs muss die Homepage des Schützenvereins Mönchaltorf neu aufgebaut werden. Aktuell werden nur die wesentlichsten Informationen &hellip;</div></li>
</ul>

<!-- This site is optimized with the Yoast SEO plugin v28.2 - https://yoast.com/product/yoast-seo-wordpress/ -->
<title>NEWS - SV-Mönchaltorf</title>
<meta name="robots" content="index, follow, max-snippet:-1, max-image-preview:large, max-video-preview:-1" />
<link rel="canonical" href="https://sv-moenchaltorf.ch/?page_id=44" />
<meta property="og:locale" content="de_DE" />
<meta property="og:type" content="article" />
<meta property="og:title" content="NEWS - SV-Mönchaltorf" />
<meta property="og:url" content="https://sv-moenchaltorf.ch/?page_id=44" />
<meta property="og:site_name" content="SV-Mönchaltorf" />
<meta property="article:modified_time" content="2026-05-13T21:05:08+00:00" />
<meta name="twitter:card" content="summary_large_image" />
<script type="application/ld+json" class="yoast-schema-graph">{"@context":"https:\/\/schema.org","@graph":[{"@type":"WebPage","@id":"https:\/\/sv-moenchaltorf.ch\/?page_id=44","url":"https:\/\/sv-moenchaltorf.ch\/?page_id=44","name":"NEWS - SV-Mönchaltorf","isPartOf":{"@id":"https:\/\/sv-moenchaltorf.ch\/#website"},"datePublished":"2026-05-08T09:48:45+00:00","dateModified":"2026-05-13T21:05:08+00:00","breadcrumb":{"@id":"https:\/\/sv-moenchaltorf.ch\/?page_id=44#breadcrumb"},"inLanguage":"de","potentialAction":[{"@type":"ReadAction","target":["https:\/\/sv-moenchaltorf.ch\/?page_id=44"]}]},{"@type":"BreadcrumbList","@id":"https:\/\/sv-moenchaltorf.ch\/?page_id=44#breadcrumb","itemListElement":[{"@type":"ListItem","position":1,"name":"Start","item":"https:\/\/sv-moenchaltorf.ch\/"},{"@type":"ListItem","position":2,"name":"NEWS"}]},{"@type":"WebSite","@id":"https:\/\/sv-moenchaltorf.ch\/#website","url":"https:\/\/sv-moenchaltorf.ch\/","name":"SV-Mönchaltorf","description":"Schützenverein Mönchaltorf seit 1860","publisher":{"@id":"https:\/\/sv-moenchaltorf.ch\/#organization"},"potentialAction":[{"@type":"SearchAction","target":{"@type":"EntryPoint","urlTemplate":"https:\/\/sv-moenchaltorf.ch\/?s={search_term_string}"},"query-input":{"@type":"PropertyValueSpecification","valueRequired":true,"valueName":"search_term_string"}}],"inLanguage":"de"},{"@type":"Organization","@id":"https:\/\/sv-moenchaltorf.ch\/#organization","name":"SV-Mönchaltorf","url":"https:\/\/sv-moenchaltorf.ch\/","logo":{"@type":"ImageObject","inLanguage":"de","@id":"https:\/\/sv-moenchaltorf.ch\/#\/schema\/logo\/image\/","url":"https:\/\/sv-moenchaltorf.ch\/wp-content\/uploads\/2026\/05\/cropped-Logo_SVM_SV-Moenchaltorf_1.png","contentUrl":"https:\/\/sv-moenchaltorf.ch\/wp-content\/uploads\/2026\/05\/cropped-Logo_SVM_SV-Moenchaltorf_1.png","width":1790,"height":212,"caption":"SV-Mönchaltorf"},"image":{"@id":"https:\/\/sv-moenchaltorf.ch\/#\/schema\/logo\/image\/"}}]}</script>
<!-- / Yoast SEO plugin. -->

NEWS - SV-Mönchaltorf

SV-Mönchaltorf

Schützenverein Mönchaltorf seit 1860
